ed by o?
145
Suppose -392 = -5*t + t. Suppose 0 = -5*l + 5*v + 75, -2*l + 5*v - 14 + 38 = 0. Calculate the remainder when t is divided by l.
13
Let o = -140 - -261. Let u be 1/3*(15 - 0). Suppose -u*f = 3*l - 73, 5 = -4*l - 2*f + o. Calculate the remainder when 121 is divided by l.
28
Let j(i) = 15*i**2 - 5*i + 5. Let v be j(2). Let q = -49 + v. Suppose -10*n + 48 = -q*n. Calculate the remainder when 23 is divided by n.
11
Suppose 10*g - 21*g = -143. Suppose g*u - 87 = 10*u. What is the remainder when u is divided by 9?
2
Suppose 0 = 3*t + 2*c - 8650, -2*c = 68*t - 70*t + 5770. Calculate the remainder when t is divided by 19.
15
Suppose -v = -4*q - 132, -4*v = 1385*q - 1390*q - 495. Let w(l) = 4*l**2 - l + 1. Calculate the remainder when v is divided by w(4).
59
Suppose -60*r - 4*b + 8380 = -55*r, 3*b + 3352 = 2*r. Calculate the remainder when r is divided by 547.
35
Suppose 203*c = 185*c + 180. Let z(n) = -n**3 + 12*n**2 + 4*n + 14. Calculate the remainder when z(11) is divided by c.
9
Suppose -4*i - z + 253 = 0, -16*i - 6*z - 94 = -18*i. What is the remainder when 6940 is divided by i?
58
Let b = 34 - 35. Let n(s) = -11*s**3 + s**2. What is the remainder when -7 + 78 - (-1 + 1) is divided by n(b)?
11
Let b = -45110 - -45179. Calculate the remainder when 328 is divided by b.
52
What is the remainder when 4776 is divided by (-450)/1125 + (-23826)/(-15)?
12
Let j = 2156 + -2144. Suppose -2*h - 5*t + 45 = -7, -4*t = -8. Calculate the remainder when h is divided by j.
9
Suppose 4*t = -26 + 78. Suppose 2*b - 30 = 3*g + 7, 0 = 2*b + 5*g - t. What is the remainder when 192 is divided by b?
10
Suppose -628 = 3*t - 79. Let m = -156 - t. Suppose 11*p - 68 = 7*p. Calculate the remainder when m is divided by p.
10
Let p = -556 + 583. What is the remainder when 3520 is divided by p?
10
Let p(l) = l**3 + 20*l**2 - 23*l - 20. Suppose 41 + 11 = -2*i. Let j = i - -5. Calculate the remainder when 85 is divided by p(j).
19
Let c = -2378 + 4106. Suppose 14*t - c = 5*t. Calculate the remainder when t is divided by 5.
2
Let b(r) = -14*r - 13. Let d(i) = 7*i - 5 + 4 + 0. Calculate the remainder when d(6) is divided by b(-2).
11
Let y = -413 + 421. Suppose -9*s + y*s = 3*m - 146, -58 = -m - 5*s. What is the remainder when 154 is divided by m?
10
Let u(d) = 4*d**2 + 8832*d + 17665. Suppose 2*j - 12 = 4*k, 4*j - 18 = 3*j + 5*k. Calculate the remainder when u(-2) is divided by 1/j - 19/(-2).
8
Let k(g) = 2*g**2 + 34*g + 32. Let w be k(-16). Let t be 59 - (5 - 0 - w). Let p = t - 22. Calculate the remainder when 157 is divided by p.
29
Suppose 5*o - 675 = -5*q, 5*q = -2*o - 128 + 404. Let k(j) = -j**3 + 10*j**2 - 28*j + 62. What is the remainder when o is divided by k(6)?
19
Let c be 3/12 - (3 + 2732/(-16)). Suppose 3*p - c = 7*p. Let r = -37 - p. Calculate the remainder when 10 is divided by r.
0
Let y = 515 - -778. Calculate the remainder when y is divided by 126.
33
Suppose 38*r - 224 = 35*r + 2*f, 4*r - 4*f - 292 = 0. What is the remainder when 2875 is divided by r?
67
Let g(q) = 37*q - 170. Let k be g(5). Calculate the remainder when (3/k)/((-9)/(-3735)) is divided by 47.
36
Let y(a) = -7*a + 76. Calculate the remainder when y(-49) is divided by 105.
104
What is the remainder when (-8*1/26)/(6/(-39))*116 is divided by 96?
40
Calculate the remainder when 2411 is divided by (-23)/(-3)*(-12 + -7 - -25).
19
Let d(k) = -17*k**2 - 2*k - 2. Let m be d(-1). Let j(p) = -p**2 - 21*p + 8. Calculate the remainder when j(m) is divided by (-13)/((-7)/2 + 3).
24
Let p = -3661 + 3669. Calculate the remainder when 76 + -4 + 7 + -2 is divided by p.
5
Let k be 34/7 - (-1)/7. Suppose 3*d - 12 = 3, k*o - 2*d = 105. Calculate the remainder when 46 is divided by o.
0
What is the remainder when -5*(-1*(-12)/(-16))/((-15)/(-3896)) is divided by 176?
94
Suppose 10 = m + 7. Let o be (-1)/m + -519*10/(-45). Let x = o - 55. Calculate the remainder when x is divided by 13.
8
Let i(z) = 2*z - 2. Suppose 2*j - 10 = 0, -30*j = t - 28*j - 407. Calculate the remainder when t is divided by i(6).
7
Suppose -y + 480 = -3*b, 360*b - 361*b = -4*y + 1887. Calculate the remainder when y is divided by 106.
47
Suppose 0 = 15*n - 272 - 298. Let j = n + -5. Calculate the remainder when 125 is divided by j.
26
Let x = -2287 + 2322. Suppose 3*o + 57 = -0*o. Let l = x + o. What is the remainder when 28 is divided by l?
12
Suppose -71*a + 430492 = -1205277. Calculate the remainder when a is divided by 256.
255
What is the remainder when 162 is divided by (-161)/42*-6 - -139?
0
Suppose 36*d + 84 = 3*x + 31*d, x = -5*d + 28. Calculate the remainder when 765 is divided by x.
9
What is the remainder when 84 is divided by 19 + (7 - 8) + -8?
4
Let p = -156 - -184. Calculate the remainder when 4367 is divided by p.
27
Calculate the remainder when 8604/6 + 2 + -11 is divided by 14.
11
Let s be (0 + -5 - -8) + -1. Suppose 7*v - 2*v + 2*j = 359, 3*v = -s*j + 213. Let n = 9 + v. Calculate the remainder when n is divided by 21.
19
Let p(o) = o**3 - 4*o**2 + 5*o - 2. Let v = 153 - 35. Let h = v + -83. Calculate the remainder when p(6) is divided by h.
30
Let v(q) = -q**2 - 12*q + 329. Let j(d) = d + 10. Calculate the remainder when v(-25) is divided by j(-6).
0
Let i(v) = 43*v + 1. Let c(j) = 6*j**2 + 9*j - 53. What is the remainder when c(6) is divided by i(1)?
41
Suppose -10*r = -3*r - 14. Suppose 0 = 2*k + k - 3*b - 210, 0 = -r*k - 4*b + 164. Let p = -71 + k. What is the remainder when 8 is divided by p?
2
Suppose -37 = -m + 5*p, 14*m - 19 = 13*m - p. Let n(r) = -195*r + 6 - 5 - 1. Calculate the remainder when n(-1) is divided by m.
19
Let s be (((-104)/(-6))/(-2))/(10/75). Let y = s + 69. Suppose 5*p = f + 17, -y*p + 19 = f - 0*f. What is the remainder when f is divided by 3?
0
Let w(h) be the second derivative of h**4/4 - 2*h**3 + 9*h**2/2 + 148*h. What is the remainder when 45 is divided by w(4)?
0
Let c(a) = -38*a + 4369. What is the remainder when 848 is divided by c(114)?
34
Suppose 4*c - 63 = 3*w, -7*w + 35 = 5*c - 2*w. Let f be 6 - 6*(3 + -6). Suppose f*r - 626 = 718. What is the remainder when r is divided by c?
8
Suppose 0 = 3*x - 5*u - 177, x - 18*u + 15*u - 63 = 0. Calculate the remainder when 122 is divided by x.
14
Let z = 534 - 394. What is the remainder when z is divided by 94?
46
Let n(i) = i**3 + 7*i**2 + 4*i + 2. Let j(r) = 3*r**2 + 49*r - 503. What is the remainder when j(-24) is divided by n(-6)?
7
Let m(g) = 3*g**2 + 119*g + 570. What is the remainder when (1323/45)/((-1)/(-5)) is divided by m(-5)?
47
Let a = -4712 + 5234. What is the remainder when a is divided by 44?
38
Calculate the remainder when 902 is divided by (2/6)/(-9 - 12208/(-1356)).
111
Let m(u) = -17*u - 26. Let a(z) = -z + 19. Calculate the remainder when m(-9) is divided by a(6).
10
Let j = -3 + -3. Calculate the remainder when (62/3)/((-2)/j) is divided by (-54)/(-81) + (-666)/(-81)*(-6)/(-4).
10
Let c(d) = d**2 - 549*d - 3319. Calculate the remainder when 76 is divided by c(-6).
10
Let g(m) = 2*m**2 - 86*m + 1175. What is the remainder when g(36) is divided by 28?
27
Suppose 3*x - 3*z - 135 = 0, 0*x - 4*z - 30 = -x. Let p = -630 + 655. Let s = x - p. What is the remainder when 124 is divided by s?
24
Suppose -9 = -m + 10. Let y = m + -16. Let n(q) = 9*q - 22. What is the remainder when 18 is divided by n(y)?
3
Suppose -16*d = -27*d + 33. Suppose 4*l - 120 = h, 6*h - d*h = 5*l - 157. Calculate the remainder when 49 is divided by l.
20
Suppose -3*k - 1200 = -4*o, -2*k - 9*o + 4*o = 777. Let y = k + 399. Let l = 2 + 6. Calculate the remainder when l is divided by y.
2
Let g(t) = 4*t**2 + 2*t + 1. Suppose u - 2*s - 6 = 3*u, 0 = -s - 1. Calculate the remainder when 49 is divided by g(u).
10
Suppose -y - l + 162 = 117, 5*y + 2*l = 213. Calculate the remainder when 70 is divided by y.
29
Suppose 4*h - 2*d - 1294 = 0, 0 = 2*h - 0*h - 4*d - 632. Suppose -399 - 70 = -7*z. Calculate the remainder when h is divided by z.
58
Let k(m) be the first derivative of -1/2*m**2 + 26*m + 11. What is the remainder when 73 is divided by k(-12)?
35
Calculate the remainder when 1976 is divided by 7 + (10469/133 - (-2)/7).
84
Let a(y) be the second derivative of 7*y**3/6 - 89*y**2/2 - 7*y. Calculate the remainder when a(16) is divided by 2.
1
Suppose -1851